**3 - 2*v**2 + v + 2. Suppose b = 4 + 1. Suppose 3*x + b = -m - 7, -10 = -5*m - x. What is the units digit of n(m)?
4
Let b(y) = 4*y - 1. Let v(l) be the third derivative of l**5/60 + l**4/3 + 4*l**3/3 + l**2. Let q be v(-7). What is the units digit of b(q)?
3
Let y be 1 + 5/((-15)/(-6)). Suppose n + 3*x = -7 + y, x + 36 = 4*n. Let s = n - -1. What is the units digit of s?
9
What is the tens digit of (20/(-100))/((-1)/985)?
9
Let r be (-8)/36 - (-1059)/27. Let b = r + -15. What is the units digit of b?
4
Let n = 1190 - 846. Suppose -74 = 6*t - n. What is the units digit of t?
5
Suppose 0 = -4*h - r + 949, -239 = -h + 4*r - 6*r. What is the units digit of h?
7
Let b = 21 + -12. Suppose -5*a - 5*m + 29 - b = 0, a = m + 8. Suppose -6 = -3*w + a. What is the units digit of w?
4
Let j(x) = -2*x**3 - 4*x**2 - 4*x. What is the tens digit of j(-3)?
3
Let k(h) = h**3 - 3*h**2 - 6*h - 3. Let b(u) = 4*u**3 + 1. Let r be b(1). Let l be k(r). Let w = l + -12. What is the units digit of w?
5
Let w be 48/12 + 1 + -1. Suppose -40 = -w*k + 4*g, -2*k + g + 12 = -5. What is the units digit of k?
7
What is the units digit of ((-148)/16)/(2/(-8))?
7
Suppose -3*u - 15 = 0, 2*f - 7 = -4*u + 19. Let m = -5 + -11. Let b = f + m. What is the units digit of b?
7
Let c be (30/9)/((-2)/(-3)). Suppose -2*v - 13 = -h, c*v = 3*h - 29 - 9. What is the units digit of h?
1
Suppose 0 = 3*u + 5*n - 30, n + 14 = u + 4*n. What is the units digit of u?
5
Suppose -2*q - 18 = -5*j, 4*j - 5*q - 8 = 3. What is the units digit of j?
4
Suppose -2*j = -3*w - 14 - 28, 4*w - 28 = -2*j. What is the units digit of j?
8
Suppose 4*i + 10 = -14. Suppose 3*z = -0*z + r + 21, -5*z + r = -37. Let l = i + z. What is the units digit of l?
2
Let f = 12 - 12. Suppose 0*o + 2*o - 20 = f. What is the tens digit of o?
1
Let g = 4 - -1. Suppose -4*s - 9 = -g*s. What is the units digit of s?
9
Let l = -179 + 401. What is the tens digit of l?
2
What is the tens digit of 0 - (-2 + -20*1)?
2
Suppose 2*v = 2 + 18. What is the tens digit of v?
1
Suppose 2*f = c - 12, 15 + 1 = 3*c - f. What is the units digit of c?
4
Let o be 4/(-6) - 5/(-3). Suppose o = 2*r - 1. What is the units digit of r?
1
Let o(z) = 1 + z**2 + 2*z**2 - 2*z + 0*z. Let y = 4 - 3. What is the units digit of o(y)?
2
Let v(s) = s**2 - 8*s - 5. Suppose 0 = 4*h - 3*c - 19, -2*h + 6 = -4*c - 16. Suppose h - 28 = -3*t. What is the units digit of v(t)?
4
Let i(j) = -j**2 - j - 2. Let h be i(-2). Let a(z) = -4*z + 2. What is the tens digit of a(h)?
1
Let i(p) = -p**2 - 8*p - 5. Let n be i(-7). Suppose -v + 2*b = 1, 4*v - n*v = -2*b + 28. What is the units digit of v?
9
What is the hundreds digit of -3*4*(2 - (-188)/(-16))?
1
Let z be 12/20 - (-14)/10. Let q(x) = 5*x - 2. What is the units digit of q(z)?
8
Let p(o) = o**3 + 3*o**2 - 4*o + 5. Let m be p(-4). What is the units digit of (m - (-6)/(-2))*4?
8
Let n(f) = -f**3 + 23*f**2 + 24*f + 19. What is the tens digit of n(24)?
1
Suppose 0 = 2*w + 4*d - 38, w - 2 = -w + 5*d. What is the units digit of w?
1
Let m = -70 + 174. What is the units digit of m?
4
Let i = 390 - 183. What is the tens digit of (2/(-6))/((-3)/i)?
2
Let f(j) be the third derivative of j**6/120 + j**5/12 - j**4/6 - j**3/2 - j**2. What is the units digit of f(-5)?
7
Let k = -43 - -137. What is the units digit of k?
4
Let p(x) = x**3 + 6*x**2 + 5*x + 2. Let v be p(-5). Suppose -t = v*t, s - 6 = 4*t. What is the units digit of ((-2)/s)/1*-21?
7
Let p(c) = -c + 5. Let x be p(0). Suppose 6 - 1 = -x*h. Let m = h - -8. What is the units digit of m?
7
Let c = 5 + -3. Let d(z) = z**c - 3*z**2 - 2*z**2 + 4 + z**3. What is the units digit of d(4)?
4
Let u be (-40)/(-15) + (-1)/(-3). Suppose -2*z + 3*z = -y + 16, -u*z = -4*y + 99. Suppose -5*r + 19 = 4*d, -3*d - 2*r + y - 5 = 0. What is the units digit of d?
6
Let z = 4 - 3. Let d = 1 - 3. What is the units digit of d - (-22)/(z - -1)?
9
Let a(f) = f**3 + 3*f**2 - f - 1. Let l be a(-3). Let i(w) = w**2 + 2*w + 1. What is the units digit of i(l)?
9
What is the tens digit of ((-12)/(-9))/(2/69)?
4
Let v(r) = r + 5. Let j be v(0). Suppose k + j - 16 = 0. What is the tens digit of k?
1
Let p = 1 + 5. What is the units digit of p?
6
Suppose -226 = 4*b - 814. What is the tens digit of b?
4
Let z = 6 + -3. Suppose 5*s = 4*b + 129, -52 = -z*s - 2*b + 43. What is the tens digit of s?
2
Suppose -i + 22 = 3*i + 2*p, 2*i - 2*p = 2. Let j(g) = -14*g + 6. Let s(d) = -5*d + 2. Let l(z) = -3*j(z) + 8*s(z). What is the units digit of l(i)?
6
Suppose -3*t = t. Suppose t = 3*d + 2*d + p - 25, -5*p = 4*d - 41. What is the units digit of d?
4
Suppose 2*r = -2*r. Suppose -k + 96 = 5*y, -4*y - 2*k + r*k = -78. What is the tens digit of y?
1
Suppose -206 = -t + 3*v + 72, 0 = t + 4*v - 285. What is the tens digit of t?
8
Let a = 76 + -31. Let g be 2/(6/a*1). Let y = -4 + g. What is the tens digit of y?
1
Let i = 23 + -34. Let p = 7 - i. What is the tens digit of p?
1
Let t be -1*(3 + -1) - -8. Suppose 2*d - 2*r = t*d - 128, 4*d - 100 = 5*r. What is the tens digit of d?
3
What is the tens digit of 2 + 1 + (2 - -17)?
2
Let y = -9 - -9. Let z(s) = -s + 68. Let j be z(0). Suppose 4*v - 4*a - j = y, 0 = -5*v + 2*v + 5*a + 59. What is the tens digit of v?
1
Let f(l) be the third derivative of -l**4/24 - 2*l**3/3 - 2*l**2. Let y be -6 - 0*(-1)/3. What is the units digit of f(y)?
2
Let r(o) = o + 9. Let k be r(-7). Suppose -5*i - k*f = -211, -2*i - f + 22 = -63. Suppose -i = -4*a + m, -4*a + 4*m + 58 = 2. What is the units digit of a?
9
Suppose 2*a + 0*a - 22 = 0. Let s = a + -8. Suppose 0*h = -h + s. What is the units digit of h?
3
Suppose -j + 4*x = 4*j + 3, 0 = -3*j - 4*x + 11. What is the tens digit of (-2 + 18 + -1)/j?
1
Let d(z) = z**3 + 3*z**2 - 3. Let n be d(-3). Let p be ((-7)/(-4))/(n/(-12)). Let c = p + -4. What is the units digit of c?
3
Suppose 3*o = -5*b + 335, 3*o + o - 268 = -4*b. What is the tens digit of b?
6
Let q(v) = v**2 - 5 + 3 + 4. Let o be q(0). Suppose -o*t + 10 = -0*t. What is the units digit of t?
5
Let s(v) = v - 10. Let j be s(10). Suppose m + j*m - 12 = 0. What is the units digit of m?
2
Let h(f) = -6*f + 18. What is the units digit of h(-11)?
4
What is the units digit of (-1)/((-6)/(-4))*42/(-4)?
7
Let c(b) = b + 4. Let x(a) = 3*a**2 + a + 1. Let v be x(-1). What is the units digit of c(v)?
7
Suppose 7*i - 2*i - 15 = 0. Suppose 0 = -3*y + 9 - i. Suppose -m + 4*m - p - 44 = 0, -5*p = y*m - 35. What is the units digit of m?
5
Let y = 1 + 0. Let v be (2 - -2)/(y/2). Suppose -3*p - 20 = -v*p. What is the units digit of p?
4
What is the tens digit of (-2)/(-7) - (-2)/(14/411)?
5
What is the units digit of 6/18*3*49?
9
Suppose 3*w = 5*p + 1 - 21, 2*p - 8 = -2*w. Let a = w + 0. Suppose 4 = k - a*k. What is the units digit of k?
4
Let w be 0 - 6/(3*-1). Suppose 2*q + 10 = 0, -w*q - 21 - 5 = 4*c. Let x(b) = -b + 3. What is the units digit of x(c)?
7
Let y = 0 + 2. Suppose -2*c = y*c - 8. Suppose -3 = -c*h + 11. What is the units digit of h?
7
Let n(a) = 17*a - 8. Let y be n(-4). Let q = -40 - y. What is the tens digit of q?
3
Suppose 3*c - 3*t - 27 = -0*c, -3*c + t + 17 = 0. What is the units digit of 176/(-8)*(-2)/c?
1
Let t be (-1)/2*0 - -1. Let c(k) = k + 1. Let h be c(t). Suppose 4*s - 16 = h*s. What is the units digit of s?
8
Let d = -4 - 0. What is the tens digit of -12*5*d/8?
3
Let f be 0*((-3)/(-2))/3. Suppose f*g = -3*g. Let u = 2 + g. What is the units digit of u?
2
Let o(s) = s**3 - 10*s**2 - 13*s + 24. What is the units digit of o(11)?
2
Let y = -2 + 3. Suppose -4*o - 7 = y. What is the units digit of -1 + (o - (2 - 12))?
7
Suppose -7*t + 12*t - 200 = 0. What is the tens digit of t?
4
Suppose 0 = -3*j + 265 - 10. What is the tens digit of j?
8
Let y = -2 - -5. Suppose -2*s = v - 0*v - 5, -v + 8 = y*s. What is the units digit of ((-30)/(-3))/1 + v?
9
Let j(v) = 2*v**2 - 9*v + 1. What is the units digit of j(-4)?
9
Suppose 9 = -5*h - 1. Let n be (-3 + 15)/((-3)/h). Suppose -t = t - n. What is the units digit of t?
4
What is the tens digit of 426/10 + (-12)/(-30)?
4
Suppose 42 + 3 = -5*b. Let z be (-1 - b/(-2))*6. What is the tens digit of ((-2)/2)/(3/z)?
1
Let u be ((-26)/(-4))/((-6)/(-12)). Suppose -5*k + 64 = 2*s + u, -k - 3 = 0. What is the tens digit of s?
3
Let u(v) = v**3 - 5*v**2 + 8*